{"version":"1.0","provider_name":"Gefinex","provider_url":"https:\/\/www.gefinex.com\/fr\/","author_name":"Carina Nothegger","author_url":"https:\/\/www.gefinex.com\/fr\/author\/nothegger-carina\/","title":"SALON EPF 2026 - Gefinex","type":"rich","width":600,"height":338,"html":"<blockquote class=\"wp-embedded-content\" data-secret=\"EsbBO3azpu\"><a href=\"https:\/\/www.gefinex.com\/fr\/news\/salon-epf-2026\/\">SALON EPF 2026<\/a><\/blockquote><iframe sandbox=\"allow-scripts\" security=\"restricted\" src=\"https:\/\/www.gefinex.com\/fr\/news\/salon-epf-2026\/embed\/#?secret=EsbBO3azpu\" width=\"600\" height=\"338\" title=\"\u00ab\u00a0SALON EPF 2026\u00a0\u00bb &#8212; Gefinex\" data-secret=\"EsbBO3azpu\" frameborder=\"0\" marginwidth=\"0\" marginheight=\"0\" scrolling=\"no\" class=\"wp-embedded-content\"><\/iframe><script type=\"text\/javascript\">\n\/* <![CDATA[ *\/\n\/*! This file is auto-generated *\/\n!function(d,l){\"use strict\";l.querySelector&&d.addEventListener&&\"undefined\"!=typeof URL&&(d.wp=d.wp||{},d.wp.receiveEmbedMessage||(d.wp.receiveEmbedMessage=function(e){var t=e.data;if((t||t.secret||t.message||t.value)&&!\/[^a-zA-Z0-9]\/.test(t.secret)){for(var s,r,n,a=l.querySelectorAll('iframe[data-secret=\"'+t.secret+'\"]'),o=l.querySelectorAll('blockquote[data-secret=\"'+t.secret+'\"]'),c=new RegExp(\"^https?:$\",\"i\"),i=0;i<o.length;i++)o[i].style.display=\"none\";for(i=0;i<a.length;i++)s=a[i],e.source===s.contentWindow&&(s.removeAttribute(\"style\"),\"height\"===t.message?(1e3<(r=parseInt(t.value,10))?r=1e3:~~r<200&&(r=200),s.height=r):\"link\"===t.message&&(r=new URL(s.getAttribute(\"src\")),n=new URL(t.value),c.test(n.protocol))&&n.host===r.host&&l.activeElement===s&&(d.top.location.href=t.value))}},d.addEventListener(\"message\",d.wp.receiveEmbedMessage,!1),l.addEventListener(\"DOMContentLoaded\",function(){for(var e,t,s=l.querySelectorAll(\"iframe.wp-embedded-content\"),r=0;r<s.length;r++)(t=(e=s[r]).getAttribute(\"data-secret\"))||(t=Math.random().toString(36).substring(2,12),e.src+=\"#?secret=\"+t,e.setAttribute(\"data-secret\",t)),e.contentWindow.postMessage({message:\"ready\",secret:t},\"*\")},!1)))}(window,document);\n\/\/# sourceURL=https:\/\/www.gefinex.com\/wp-includes\/js\/wp-embed.min.js\n\/* ]]> *\/\n<\/script>\n","thumbnail_url":"https:\/\/127.0.0.1\/wp-content\/uploads\/2026\/04\/Teilnahme-EPF-Messe-3.jpg","thumbnail_width":1410,"thumbnail_height":800,"description":"Nous serons pr\u00e9sents en juin au salon Estrich Parkett Fliese 2026 et nous nous r\u00e9jouissons des \u00e9changes personnels sur place.Le salon EPF \u00e0 Feuchtwangen est l\u2019un des principaux points de rencontre pour les professionnels de la chape, des rev\u00eatements de sol et du parquet.C\u2019est ici que se retrouvent pr\u00e9cis\u00e9ment ceux qui prennent des d\u00e9cisions au [&hellip;]"}

Nous serons présents en juin au salon Estrich Parkett Fliese 2026 et nous nous réjouissons des échanges personnels sur place.Le salon EPF à Feuchtwangen est l’un des principaux points de rencontre pour les professionnels de la chape, des revêtements de sol et du parquet.C’est ici que se retrouvent précisément ceux qui prennent des décisions au [&hellip;]
